n - 4*n. Let c be 6 - (2 + s/(-3)). Let d be (-8)/((10/(-8))/5). Calculate the highest common factor of d and c.
4
Let l = -133 + 65. Let h = l - -108. Let o = -2 + 12. What is the highest common divisor of o and h?
10
Let t be -4 - (-208)/15 - 2/(-15). Let m be -137*(3 + -1)/(-2). Let i = m + -97. Calculate the highest common factor of t and i.
10
Let a(r) = -r**3 + r + 72. Let v be a(0). Let h(g) = -8*g + 1. Let m be h(-1). Let o = m - 0. Calculate the highest common factor of v and o.
9
Suppose 11*z = 7*z + 12. Suppose z*b = 2*i - 0*i - 53, 0 = 5*i - b - 100. Calculate the highest common factor of i and 209.
19
Let t = 118 - 94. Calculate the greatest common factor of t and 8.
8
Let q be ((-1)/(2/4))/(-2). Let d = q - -13. Calculate the greatest common divisor of d and 35.
7
Let w(h) = -h**3 - 7*h**2 + 8*h + 11. Let u be w(-8). What is the greatest common divisor of 11 and u?
11
Let j(r) = -5*r**3 + r**2 - r - 1. Let h be j(-1). What is the greatest common factor of 15 and h?
3
Let m be (-3)/7 - (-11)/(-7). Let i be m/6 - (-76)/3. Calculate the highest common factor of 10 and i.
5
Let b(x) = x**2 - 8*x + 3. Let a be b(8). Suppose 2 = -d + 11. Calculate the greatest common factor of a and d.
3
Let h be 10 - (-3)/(-12)*-2*0. What is the greatest common factor of 5 and h?
5
Let h(l) = -l**2 + 8*l - 10. Let a be h(5). Calculate the greatest common factor of a and 20.
5
Let p be 8 + 7/((-21)/(-9)). What is the highest common divisor of 33 and p?
11
Let q(p) = p**2 - 5*p + 1. Let t be q(5). Let g be (6/(-8))/(t/(-72)). Suppose -4*z = -3*k - 18, 0 = -k - 2 + 4. What is the greatest common factor of z and g?
6
Let i = 29 + 16. What is the highest common divisor of i and 60?
15
Let a = 28 + -8. Calculate the highest common factor of 10 and a.
10
Let g(l) = 235*l**2 - l. Let h be g(1). Calculate the highest common divisor of 26 and h.
26
Let b = 28 - 4. Calculate the greatest common divisor of b and 3.
3
Let d(g) = 3*g**2 + 19*g + 11. Let n be d(-6). Calculate the highest common factor of n and 5.
5
Let m be (-2)/10 - 481/(-5). Let w = -38 + 7. Let i = 43 + w. What is the greatest common factor of i and m?
12
Let s = -16 + 31. Suppose -2*r - 2 = 0, 0 = 2*x + 5*r - 19 - 36. What is the greatest common divisor of x and s?
15
Suppose w = -4*j + 56, -5*j = w + w - 70. Let c = 0 + 3. Suppose -5*r + 2*d = -c*r - 104, -2*r = -d - 108. Calculate the greatest common factor of j and r.
14
Let s be ((-6)/12)/((-1)/26). Let g be ((-258)/(-2) - -2) + -1. What is the greatest common divisor of s and g?
13
Let o = -8 - -8. Suppose 4*n = 12, -n + o*n + 78 = q. Suppose -w - h + q = 0, 3*w + h - 23 = 202. Calculate the highest common divisor of w and 15.
15
Let j(y) = -5*y**2 + 6*y + 4*y**2 - 3 + 12. Let w be j(7). Let n = 3 + -1. What is the highest common factor of n and w?
2
Suppose 3*b - 6 = k, 3*b - 1 = 4*k - 4. Suppose k*s = 4*s + 5*w - 90, w - 322 = -4*s. What is the greatest common factor of s and 10?
10
Let x be 10/35 + 4/(-14). Let s(g) = -g**3 + g**2 - g + 15. Let m be s(x). Calculate the highest common divisor of m and 6.
3
Suppose 0*c = -4*c + 20. Let h be c + (2 - (4 + -2)). Calculate the greatest common divisor of h and 40.
5
Suppose -k - 3*t = 12, 2*k + 9 = -4*t + t. Suppose 4*h - 6 = h. Let i = h + 13. What is the greatest common divisor of i and k?
3
Let u = -1 + 5. Let h be u*(-1)/(-2) - 2. Suppose 3*m + 6*d - 17 = d, h = -4*d - 20. Calculate the greatest common divisor of m and 42.
14
Let o(r) = 0*r - 3*r**2 + 5*r**2 + 5*r - r**3 - 2. Let t be o(3). Calculate the greatest common factor of t and 2.
2
Suppose 0 = -4*j + z - 32, -12 = -4*z + z. Let p(g) = 2*g**2 - g + 7. Let x be p(j). Suppose 70 = 3*r + 2*r. What is the greatest common divisor of r and x?
14
Suppose -6*y = -66 - 60. Calculate the highest common factor of y and 35.
7
Let z be (-1441)/(-11) + (-1 - 2). What is the highest common divisor of z and 16?
16
Let g(u) = -11*u + 1. Let h be g(-3). Let f = 85 - h. Suppose 0*o - f = -3*o. Calculate the highest common factor of 17 and o.
17
Let z be ((-45)/(-4))/((-18)/(-144)). What is the greatest common factor of 18 and z?
18
Let x = 132 - -3. What is the greatest common divisor of 27 and x?
27
Let c be 1/2 - (-36)/8. Let f be 3 + 0 - c - -11. Calculate the highest common factor of 3 and f.
3
Let w = 51 - 31. What is the greatest common factor of 12 and w?
4
Let f = -24 - -47. Let m = 41 - f. Calculate the greatest common factor of m and 72.
18
Suppose 5*o - 20 = -15. Suppose 2*i = 2 - 0. What is the highest common factor of o and i?
1
Let h(v) = -v + 6. Let z(x) = x - 11. Let g(f) = 5*h(f) + 3*z(f). Let a be g(-8). Calculate the highest common divisor of a and 104.
13
Let s(c) = 4*c**2 + 18*c - 4. Let f be s(-6). Calculate the highest common factor of f and 144.
16
Let t(c) = c**3 - 7*c**2 + 9*c - 9. Let k be t(6). Suppose -5*z - k = 11, 2*h - 46 = 3*z. Let r = h - 10. Calculate the greatest common factor of r and 21.
7
Let x be (-1083)/(-15) + (-2)/10. What is the highest common divisor of x and 24?
24
Let j(g) = g**3 + 4*g**2 - 3*g + 7. Let l be j(-4). Calculate the greatest common divisor of l and 133.
19
Let p = 8 - 4. Suppose -p*x + 108 = -x. Calculate the greatest common factor of x and 4.
4
Let k(s) = s + 20. Let m be k(-4). Calculate the highest common divisor of m and 176.
16
Suppose 3*t = -0 + 150. Let p = t - 20. Calculate the highest common divisor of 12 and p.
6
Let p(r) = 3*r - 3. Let c be p(6). Let s = 199 + -94. What is the greatest common divisor of c and s?
15
Let r = -32 + 85. Suppose 3*p = -p + 4, -4*f + r = 5*p. Suppose 4*v + 132 = 4*b, -3*b - 3*v = -35 - 46. What is the highest common factor of f and b?
6
Let z(r) = -r + 2. Let c be z(0). Suppose 459 + 269 = 5*s + 4*o, 0 = -c*o + 4. Suppose 29 = -5*n + s. What is the highest common factor of 184 and n?
23
Suppose -20 = -0*x - 5*x, 0 = -4*a + 3*x + 352. Let f = -16 - -29. Calculate the greatest common factor of f and a.
13
Suppose 2*v - 1 - 5 = 0. Calculate the greatest common divisor of 1 and v.
1
Let p be 28/5 - (-6)/15. Suppose p = -2*j + 2*x - 16, j + x + 21 = 0. Let b be -1 - 0 - (j + 1). Calculate the greatest common factor of 112 and b.
14
Let r be 142/4 + 3/(-6). Suppose v + 2*a - 1 = 9, 5*v = 4*a - 20. Let d = 7 + v. Calculate the highest common factor of d and r.
7
Let b(z) be the second derivative of z**4/12 + z**3/3 - 3*z**2 - 4*z. Let g be b(-5). Suppose -4*t = -t - 108. Calculate the greatest common divisor of t and g.
9
Suppose n + 1 = 0, 3*p - 3*n = -0*n + 111. Calculate the highest common factor of 24 and p.
12
Let w(m) = -m - 3. Let x be w(-8). Suppose 4*t - x*k = 206, t - k - 50 = k. Calculate the highest common divisor of t and 6.
6
Suppose -2*w - 26 = 5*h, 3*h + 15 - 2 = -w. Let l(s) = s**2 + 12*s - 8. Let x be l(w). What is the highest common factor of x and 20?
5
Let q(z) = -z**3 - z**2 + z + 5. Let m be q(0). Suppose -3*j = -3*y - 87, -m*j - 3*y + 133 = -4*y. Calculate the highest common factor of j and 39.
13
Let s be -1 - (-44)/3 - (-77)/231. What is the greatest common factor of 35 and s?
7
Let j = 96 - 64. Calculate the highest common divisor of 80 and j.
16
Let s(k) = -k**3 + 9*k**2 + k - 9. Let y be s(7). What is the greatest common divisor of y and 64?
32
Let n be 4/(-6) - 7/(42/(-76)). What is the highest common divisor of 30 and n?
6
Let w = 14 - 10. Calculate the greatest common factor of w and 4.
4
Let j(v) be the third derivative of 0*v + 1/12*v**4 - 2/3*v**3 + 2*v**2 + 0. Let h be j(6). What is the greatest common factor of 8 and h?
8
Let g = 112 - 55. Suppose f + 2*f = g. Calculate the greatest common divisor of f and 171.
19
Suppose 2*n - 64 = -2*n. Suppose 2*x - 4 - 12 = 0. What is the greatest common factor of n and x?
8
Let c = -1 + 5. Suppose c*v = 170 + 110. Let w(k) = -3*k - 1. Let m be w(-5). What is the greatest common divisor of m and v?
14
Let k(c) = 6*c - 2. Let b be k(3). What is the highest common factor of 4 and b?
4
Let r be 2/3 - 35/(-15). Let v be r/3 + (-96)/(-2). What is the highest common factor of v and 7?
7
Let m = 4 + 0. Suppose 0 = l - m*l + 180. Suppose 3*h - 49 = -2*u + 6*u, 3*h + 4*u - 41 = 0. What is the highest common factor of h and l?
15
Let d = 0 + 6. Calculate the greatest common divisor of d and 